5 + -3 - 22?
11
Calculate -20 + 0 + -87 + 80.
-27
What is the value of -22 - (-16 - 26) - 26 - (14 + 1)?
-21
Evaluate 12 - -12 - (-5 + 20).
9
Evaluate 28 + -57 + 15 + -13.
-27
Evaluate -11 + (-18 - -13) + 9 + (-1 - -1).
-7
17 - (-11 + 45) - (-8 - -3 - -1)
-13
What is the value of 1 - -17 - (87 + -6 + -98)?
35
What is the value of 1 + -15 + 4 + -2 + 12?
0
What is 369 + -375 + (-1 - -7)?
0
Evaluate 9 + (-1 - (7 + -1) - 4) + 7.
5
What is 6 + -14 + 3 - -8?
3
Calculate 0 + -12 + 4 + -4 + 0 + 3.
-9
119 + -118 - (-7 + 2)
6
What is the value of -8 + 12 + 5 + 3?
12
What is the value of -5 - (86 + -114 - (-10 - -1))?
14
What is the value of 13 + -5 + (-10 - -3) + 11?
12
1 + 2 + (565 - 560)
8
Evaluate (2 + 8 - 15) + (14 - 3) + -2.
4
What is 15 + -21 - -12 - (17 + -36)?
25
Calculate (10 - 4) + 0 + -4 + (35 - 47).
-10
Calculate -59 + 28 - (-20 + 5).
-16
Calculate 4 - (4 + 23 - (10 + 4)).
-9
Calculate (-6 - -1 - -8 - 1) + 5 - 10.
-3
Calculate (-12 - (6 + -12 + -1)) + (7 - 0).
2
Calculate (106 - 106) + -15 + 1.
-14
Evaluate (19 - 46) + 27 + (6 - -1) + 0.
7
Evaluate 11 + -2 - (-2 + -23 + 31).
3
Evaluate (6 - (10 - 15)) + -7.
4
What is the value of -26 + 2 + 0 + 2 + -316 + 323?
-15
What is (1 - -1) + -2 + -3 + (142 - 152)?
-13
What is the value of (31 - (4 - -21)) + 2 + -1?
7
Evaluate 8 + (1 + 4 - 5) - (-27 - -39).
-4
Evaluate -15 - 0 - -54 - 14.
25
3 + (10 + -17 - (1 + -2)) - -24
21
Calculate 1 + -1 + 5 - (6 + 9 + -17).
7
10 - ((5 - 3) + 48 + 25 + -44)
-21
What is the value of 2 - 1 - 9 - (-57 + 50)?
-1
-7 + -1 + -4 + 6 + 7
1
Calculate 11 + -16 + (-3 - (-2 + -3) - -4).
1
9 + (-30 - (16 - 37))
0
What is the value of 45 - (17 - (1 + -4 + 6))?
31
Evaluate 1 + (-13 - -17) - 14.
-9
52 - (21 - -9) - 17
5
Evaluate -14 - -6 - 6 - (69 - 92).
9
What is the value of -12 + 11 + 1 + -14 - (5 - 6)?
-13
Calculate -6 - (3 + -8 + -9 + -21).
29
What is (28 - 29) + (5 - (4 - 11))?
11
Calculate 21 + -11 + -27 + 5.
-12
Evaluate -6 - (-5 + 9 + -4 - -8).
-14
Evaluate (-25 - (23 + -51)) + 22.
25
What is (-9 - 2) + -7 + 77 + -46?
13
Evaluate 15 + -15 + (-3 - -1) + 0.
-2
Calculate -17 - (-1 - (11 + 8)).
3
Evaluate -19 - 2 - (12 - 18).
-15
Evaluate 5 - (5 + 2 - 19).
17
Calculate -2 + 5 - -7 - (193 - 188).
5
What is 42 + (-20 - (6 - -11))?
5
What is -14 + 10 + (0 - -7) - (9 - -5)?
-11
2 - -1 - (-14 + 8) - 3
6
Evaluate -30 + -6 + 16 - (-1 + 2 - 1).
-20
What is -45 + 60 + -1 + -32?
-18
What is -9 + -41 + 14 + 18 - -9?
-9
1 + 6 + -23 + -8 + 6 + 21
3
1 + -2 + 6 + -25 + 30
10
What is 39 + (9 - 21) - (23 - 7)?
11
Evaluate -40 + -9 + 21 + 1 + 0.
-27
Calculate -11 - (2 - 3) - (-19 + 15) - 20.
-26
Calculate (-15 - -36) + -19 + 1.
3
Evaluate -12 + -7 + 29 + -41 + 2 + 7.
-22
What is the value of (-40 - (-7 - (16 + -13))) + 11?
-19
What is the value of -1 - (7 + 2 + -11) - (-18 + -2)?
21
What is -8 + 9 - 3 - (0 + 3)?
-5
What is the value of 19 + -7 + (-1 - -11) + 0?
22
Evaluate -4 + 19 - (3 + -11 - -19).
4
What is the value of -1 - -3 - (20 - 24) - (-2 + 16)?
-8
(-6 + 0 - (5 - 11)) + (2 - 12)
-10
Evaluate -3 - (-11 - -1 - -10) - 3.
-6
What is 36 - (-47 - -37 - -6)?
40
Evaluate -1 + -4 + 5 + 3 + -11.
-8
What is the value of (-15 - (-28 + 12)) + -5?
-4
Calculate 0 - (1 - 0) - (5 - (4 + -3)).
-5
What is the value of 35 + -26 + 13 - 52?
-30
Calculate 0 + -5 - (-14 - -17) - -9.
1
What is 33 - (7 + (4 - (-12 - -11)))?
21
2 + -18 - (116 + -126)
-6
What is 7 - (4 + 18 + -17)?
2
-16 - (-43 + -4 + 2 + 16)
13
What is -13 - (11 - 3 - (-15 + 6))?
-30
1 - (13 + -14 + 0)
2
Evaluate -21 + (-3 - (-11 - 7)).
-6
Evaluate -4 - ((-2 - (3 + -12)) + -6).
-5
What is (-17 - -5) + (-3 - -6) - -23 - 6?
8
What is -48 + -4 - (171 - 197)?
-26
What is (2 - -1) + (3 - -5) + 69 + -76?
4
What is (27 - (-10 - -28)) + -19 + -1?
-11
What is 15 + (11 + 2 - 15)?
13
What is the value of 0 - 11 - ((80 - 30) + -46)?
-15
Evaluate 0 + (4 - 1) + 0 + (3 - 14).
-8
What is the value of -1 + 2 - (34 - (51 + -6))?
12
What is the value of -4 - (-4 + -3 + 1 + -6) - 0?
8
What is the value of 26 + (4 - 23) - 20?
-13
-1 + -17 + 17 + 10 + -27
-18
What is the value of (-3 - -7) + -12 + -1 + 16?
7
What is the value of -27 - (-4 - 4 - 12)?
-7
(283 - 290) + (4 - 0) + 1 - 2
-4
What is -2 + -1 - (3 + -1 + -11 + 7)?
-1
What is the value of 6 - (-3 + 8 + 4 + -15)?
12
What is the value of 59 - 97 - (2 + -21)?
-19
What is 225 + -217 + 0 + 6 + -26?
-12
What is the value of -3 + -4 - (-6 + (-8 - -7))?
0
Calculate -30 + (-8 - (16 + -25)).
-29
Evaluate 11 + (14 - (22 + -9)).
12
-32 - (-51 - (-1 - 30))
-12
-33 - (12 - 39) - 25
-31
What is the value of 26 + 0 + -20 + -19?
-13
Evaluate (-1 - -11) + -7 + 2 + -3.
2
What is -1 + (5 - (0 + 2)) - (72 + -72)?
2
What is the value of -10 - ((-22 - -9) + 10)?
-7
-12 - (7 + (-8 - (-8 + 8)))
-11
Calculate 4 + -15 + (-4 - 3).
-18
Evaluate -53 + 54 + (-2 - 0).
-1
Calculate -28 + -1 + (19 - 4 - (6 + 1)).
-21
What is the value of (1 - (-12 + 6) - 5 - 19) + 7?
-10
What is the value of 7 + (-1 + -8 - (11 - 12 - 1))?
0
What is the value of (-19 - -8) + 0 + -5 + 10?
-6
5 - (5 + (11 - 13))
2
Evaluate -7 - ((76 - 68 - (3 - 2)) + -13).
-1
(-8 - (1 - -4)) + 30 + -18
-1
(3 - 5 - -9) + (-10 - 4)
-7
What is the value of 9 + (-4 - 1) + (86 - 100)?
-10
Evaluate 20 + (1 + -8 - (-132 + 128)).
17
What is (13 - (-7 + (-9 - -19 - 1))) + 30?
41
What is 35 - (-6 + 22 + 3 - 19)?
35
Calculate 3 - (2 + 11 + -2).
-8
What is the value of 4 - (2 + (-5 - -1))?
6
28 + 6 + -18 + -10
6
What is -110 + 93 - (-5 + 0 - 5)?
-7
Evaluate 1 - (-10 + 13 + -4 + 3).
-1
3 + -17 + 13 + 2 + 0
1
6 + (6 - (6 - (-6 + 2 + 4)))
6
(2 + -1 - -8) + (11 - (21 - 11))
10
What is (-7 - -19) + (-3 - 6)?
3
What is the value of (-45 - -61) + (-2 - (12 + 1))?
1
Calculate -2 + (-39 - -11) - ((3 - 2) + -9).
-22
What is the value of (2 - -1) + 1 - (-1 - -17)?
-12
What is the value of 1 + (-3 - 30 - -12)?
-20
What is the value of 4 - (4 - (2 + -12 - -15))?
5
What is (-29 - -7) + 7 + 0?
-15
What is (-5 - -7) + -4 + -1?
-3
What is the value of -1 + 0 + (4 + -8 - -11 - 5)?
1
(-3 - (2 - 30)) + (-239 - -227)
13
Evaluate 14 + (-27 + 2 - -19).
8
5 + -13 + 0 + -15 + 26
3
Evaluate 157 + -153 + (-3 - (0 - 2)).
3
Evaluate -6 + -8 + 31 - 1 - 1.
15
0 + 2 + -5 + -7 + 7 + 7
4
What is 15 + -8 + (-19 - -6)?
-6
What is the value of 4 - (7 + -8 - 6 - -11)?
0
Evaluate 6 + -6 + 5 - ((1 - -9) + -16).
11
Calculate -24 + (16 + (15 - 15) - 6).
-14
What is the value of 10 - -21 - 9 - (-27 - -34)?
15
Calculate 8 - 3 - 10 - -8 - -3.
6
Evaluate 267 - 249 - (3 + 1).
14
Evaluate -2 - -6 - (-1 + (2 - 4)).
7
What is the value of -21 - (4 + 4 + (3 - 13))?
-19
What is -9 + 19 + -8 - (6 + 4)?
-8
What is the value of 52 + -27 + -25 + -1 + -1 + 0?
-2
Calculate 22 + (-15 - 36) - -23.
-6
21 - ((38 - 18) + 15)
-14
Calculate -14 + 5 + (20 - 16) + -7.
-12
Evaluate -11 - (3 - 9 - -1 - 5).
-1
What is 62 + -12 - (39 + -12)?
23
Calculate (11 - (2 + (-1 - 3))) + (13 - 10).
16
Evaluate (3 - 10) + 21 - 13.
1
Calculate (0 - -5) + 59 + -25 + -27.
12
Evaluate 8 - (-3 - (1 - (-4 + 11) - 1)).
4
Evaluate 0 + (27 - 8 - 11) + 20.
28
What is -13 - (5 - (11 + -1)) - -19?
11
What is the value of -7 - (6 + (-12 - 3)) - (1 - -11)?
-10
What is 8 - 5 - (-6 + 6 + -5)?
8
What is the value of -3 - -28 - 19 - (-1 + 17)?
-10
What is the value of (1 - -1) + (12 - 3) + 6?
17
Calculate 20 + (-3 - -3 - (-1 + 9)) - 0.
12
(1 - 1) + -10 - (20 - 21 - 4)
-5
What is the value of 2 + (0 + 5 - 1) + (-12 - -9)?
3
What is -38 - (36 - 76) - 3?
-1
What is (-58 - -48 - (-1 + -14)) + 7?
12
What is -8 - (6 - (5 + 1 + (-1 - 0)))?
-9
(-18 - -6 - 9) + 4
-17
-1 + 23 + -32 + -8
-18
-13 + 0 + 237 + -239
-15
(-5 - -3 - -5) + -3 + (-3 - -4)
1
What is -2 - 2 - (-17 + (1 - 5) - -18)?
-1
What is the value of -3 - -2 - 0 - (-10 - -15)?
-6
What is the value of -46 + 46 + 9 + 6 + 0?
15
32 + -28 - (-4 - (3 - (1 + 4)))
6
Calculate 1 + -5 + 8 + -6 + 5 - -6.
9
Calculate 19 - 18 - (-1 + -4) - -4.
10
132 + -129 - (-3 - (-12 + -3 + 2))
-7
What is the value of 1 + -33 + 32 + (3 - (2 - 0))?
1
What is the value of (7 - (1 - 1)) + (-30 - 0) + 1?
-22
-1 + -4 + 6 + -9
-8
Evaluate 47 + 0 + -1 + 3 + (-138 - -128).
39
Evaluate -13 - (-4 - (-5 + 0)).
-14
3 - -1 - (-27 + 22 - -15)
-6
What is -1 - (2 - 4) - (29 - 22) - -7?
1
-3 + (3 + (11 - 9) - (-1 - 5))
8
What is the value of -8 + (73 + -62 - (2 + 1))?
0
Evalu